{"id":661,"date":"2021-08-12T11:34:57","date_gmt":"2021-08-12T11:34:57","guid":{"rendered":"https:\/\/antenasnavarra.es\/?page_id=661"},"modified":"2022-03-29T13:15:08","modified_gmt":"2022-03-29T13:15:08","slug":"centralitas-virtuales","status":"publish","type":"page","link":"https:\/\/antenasnavarra.es\/index.php\/centralitas-virtuales\/","title":{"rendered":"Centralitas Virtuales"},"content":{"rendered":"\n\t<section class=\"section\" id=\"section_594988468\">\n\t\t<div class=\"bg section-bg fill bg-fill  bg-loaded\" >\n\n\t\t\t\n\t\t\t\n\t\t\t\n\n\t\t<\/div>\n\n\t\t<div class=\"section-content relative\">\n\t\t\t\n\n<div class=\"row\"  id=\"row-931143309\">\n\n\n\t<div id=\"col-2020252620\" class=\"col small-12 large-12\"  >\n\t\t<div class=\"col-inner text-center\"  >\n\t\t\t\n\t\t\t\n\n\t<div id=\"text-4056311065\" class=\"text\">\n\t\t\n\n<h2>NUESTROS PLANES DE EMPRESA<\/h2>\n\t\t\n<style>\n#text-4056311065 {\n  color: rgb(255,255,255);\n}\n#text-4056311065 > * {\n  color: rgb(255,255,255);\n}\n<\/style>\n\t<\/div>\n\t\n\n\t\t<\/div>\n\t\t\t<\/div>\n\n\t\n\n<\/div>\n<div class=\"row align-equal align-center\"  id=\"row-162838616\">\n\n\n\t<div id=\"col-658003918\" class=\"col medium-6 small-12 large-4\"  data-animate=\"bounceInDown\">\n\t\t<div class=\"col-inner text-left\"  >\n\t\t\t\n\t\t\t\n\n\t<div id=\"text-3851979085\" class=\"text\">\n\t\t\n\n<h3>Plan 5 EXT. &amp; FIBRA<\/h3>\n<h6>Contrata y ll\u00e9vate 1 l\u00ednea m\u00f3vil con 25GB + Llamadas ilimt. totalmente \u00a1GRATIS!<\/h6>\n<h4><span style=\"font-size: 300%;\">69,90\u20ac<\/span><\/h4>\n<p>\/mes IVA inc.<\/p>\n\t\t\n<style>\n#text-3851979085 {\n  text-align: center;\n  color: rgb(0,0,0);\n}\n#text-3851979085 > * {\n  color: rgb(0,0,0);\n}\n<\/style>\n\t<\/div>\n\t\n\t<div id=\"gap-1320090793\" class=\"gap-element clearfix\" style=\"display:block; height:auto;\">\n\t\t\n<style>\n#gap-1320090793 {\n  padding-top: 10px;\n}\n<\/style>\n\t<\/div>\n\t\n\n\t<div id=\"text-4118402868\" class=\"text\">\n\t\t\n\n<ul>\n<li class=\"bullet-checkmark\">600 MB Internet Sim\u00e9tricos<\/li>\n<li class=\"bullet-checkmark\">N\u00ba Extensiones: 5<\/li>\n<li class=\"bullet-checkmark\">Numeraci\u00f3n telef\u00f3nica: 1<\/li>\n<li class=\"bullet-checkmark\">Plan de llamadas: 2.000 min\/mes<\/li>\n<li class=\"bullet-checkmark\">Llamadas simult\u00e1neas: Hasta 30+30 canales de voz<\/li>\n<\/ul>\n\t\t\n<style>\n#text-4118402868 {\n  text-align: left;\n  color: rgb(0,0,0);\n}\n#text-4118402868 > * {\n  color: rgb(0,0,0);\n}\n<\/style>\n\t<\/div>\n\t\n\t<div id=\"text-2841783951\" class=\"text\">\n\t\t\n\n<p>N\u00famero virtual extra: Desde 1,95\u20ac*\/mes<\/p>\n<p>Minutos fuera del plan: 1 cent\/min a fijos y 2,5 cent\/min a m\u00f3viles<\/p>\n<p>Alquiler de terminal IP**: Desde 4\u20ac*\/mes<\/p>\n\t\t\n<style>\n#text-2841783951 {\n  font-size: 0.75rem;\n  text-align: center;\n}\n<\/style>\n\t<\/div>\n\t\n\n\t\t<\/div>\n\t\t\t<\/div>\n\n\t\n\n\t<div id=\"col-1157435311\" class=\"col medium-6 small-12 large-4\"  data-animate=\"bounceInDown\">\n\t\t<div class=\"col-inner text-left\"  >\n\t\t\t\n\t\t\t\n\n\t<div id=\"text-1292703386\" class=\"text\">\n\t\t\n\n<h3>Plan 10 EXT. &amp; FIBRA<\/h3>\n<h6>Contrata y ll\u00e9vate 1 l\u00ednea m\u00f3vil con 25GB + Llamadas ilimt. totalmente \u00a1GRATIS!<\/h6>\n<h4><span style=\"font-size: 300%;\">109,90\u20ac<\/span><\/h4>\n<p>\/mes IVA inc.<\/p>\n\t\t\n<style>\n#text-1292703386 {\n  text-align: center;\n  color: rgb(0,0,0);\n}\n#text-1292703386 > * {\n  color: rgb(0,0,0);\n}\n<\/style>\n\t<\/div>\n\t\n\t<div id=\"gap-1137954012\" class=\"gap-element clearfix\" style=\"display:block; height:auto;\">\n\t\t\n<style>\n#gap-1137954012 {\n  padding-top: 10px;\n}\n<\/style>\n\t<\/div>\n\t\n\n\t<div id=\"text-826613292\" class=\"text\">\n\t\t\n\n<ul>\n<li class=\"bullet-checkmark\">600 MB Internet Sim\u00e9tricos<\/li>\n<li class=\"bullet-checkmark\">N\u00ba Extensiones: 10<\/li>\n<li class=\"bullet-checkmark\">Numeraci\u00f3n telef\u00f3nica: 2<\/li>\n<li class=\"bullet-checkmark\">Plan de llamadas: 5.000 min\/mes<\/li>\n<li class=\"bullet-checkmark\">Llamadas simult\u00e1neas: Hasta 30+30 canales de voz<\/li>\n<\/ul>\n\t\t\n<style>\n#text-826613292 {\n  text-align: left;\n  color: rgb(0,0,0);\n}\n#text-826613292 > * {\n  color: rgb(0,0,0);\n}\n<\/style>\n\t<\/div>\n\t\n\t<div id=\"text-2540570714\" class=\"text\">\n\t\t\n\n<p>N\u00famero virtual extra: Desde 1,95\u20ac*\/mes<\/p>\n<p>Minutos fuera del plan: 1 cent\/min a fijos y 2,5 cent\/min a m\u00f3viles<\/p>\n<p>Alquiler de terminal IP**: Desde 4\u20ac*\/mes<\/p>\n\t\t\n<style>\n#text-2540570714 {\n  font-size: 0.75rem;\n  text-align: center;\n}\n<\/style>\n\t<\/div>\n\t\n\n\t\t<\/div>\n\t\t\t<\/div>\n\n\t\n\n\t<div id=\"col-1260131974\" class=\"col medium-6 small-12 large-4\"  data-animate=\"bounceInDown\">\n\t\t<div class=\"col-inner text-left\"  >\n\t\t\t\n\t\t\t\n\n\t<div id=\"text-1097617799\" class=\"text\">\n\t\t\n\n<h3>Plan 20 EXT. &amp; FIBRA<\/h3>\n<h6>Contrata y ll\u00e9vate 1 l\u00ednea m\u00f3vil con 25GB + Llamadas ilimt. totalmente \u00a1GRATIS!<\/h6>\n<h4><span style=\"font-size: 300%;\">149,90\u20ac<\/span><\/h4>\n<p>\/mes IVA inc.<\/p>\n\t\t\n<style>\n#text-1097617799 {\n  text-align: center;\n  color: rgb(0,0,0);\n}\n#text-1097617799 > * {\n  color: rgb(0,0,0);\n}\n<\/style>\n\t<\/div>\n\t\n\t<div id=\"gap-319429711\" class=\"gap-element clearfix\" style=\"display:block; height:auto;\">\n\t\t\n<style>\n#gap-319429711 {\n  padding-top: 10px;\n}\n<\/style>\n\t<\/div>\n\t\n\n\t<div id=\"text-1027801179\" class=\"text\">\n\t\t\n\n<ul>\n<li class=\"bullet-checkmark\">600 MB Internet Sim\u00e9tricos<\/li>\n<li class=\"bullet-checkmark\">N\u00ba Extensiones: 20<\/li>\n<li class=\"bullet-checkmark\">Numeraci\u00f3n telef\u00f3nica: 4<\/li>\n<li class=\"bullet-checkmark\">Plan de llamadas: 7.000 min\/mes<\/li>\n<li class=\"bullet-checkmark\">Llamadas simult\u00e1neas: Hasta 30+30 canales de voz<\/li>\n<\/ul>\n\t\t\n<style>\n#text-1027801179 {\n  text-align: left;\n  color: rgb(0,0,0);\n}\n#text-1027801179 > * {\n  color: rgb(0,0,0);\n}\n<\/style>\n\t<\/div>\n\t\n\t<div id=\"text-3186873891\" class=\"text\">\n\t\t\n\n<p>N\u00famero virtual extra: Desde 1,95\u20ac*\/mes<\/p>\n<p>Minutos fuera del plan: 1 cent\/min a fijos y 2,5 cent\/min a m\u00f3viles<\/p>\n<p>Alquiler de terminal IP**: Desde 4\u20ac*\/mes<\/p>\n\t\t\n<style>\n#text-3186873891 {\n  font-size: 0.75rem;\n  text-align: center;\n}\n<\/style>\n\t<\/div>\n\t\n\n\t\t<\/div>\n\t\t\t<\/div>\n\n\t\n\n\t<div id=\"col-2074247928\" class=\"col medium-6 small-12 large-4\"  data-animate=\"bounceInDown\">\n\t\t<div class=\"col-inner text-left\"  >\n\t\t\t\n\t\t\t\n\n\t<div id=\"text-2066020728\" class=\"text\">\n\t\t\n\n<h3>Plan 50 EXT. &amp; FIBRA<\/h3>\n<h6>Contrata y ll\u00e9vate 1 l\u00ednea m\u00f3vil con 25GB + Llamadas ilimt. totalmente \u00a1GRATIS!<\/h6>\n<h4><span style=\"font-size: 300%;\">259,90\u20ac<\/span><\/h4>\n<p>\/mes IVA inc.<\/p>\n\t\t\n<style>\n#text-2066020728 {\n  text-align: center;\n  color: rgb(0,0,0);\n}\n#text-2066020728 > * {\n  color: rgb(0,0,0);\n}\n<\/style>\n\t<\/div>\n\t\n\t<div id=\"gap-591775387\" class=\"gap-element clearfix\" style=\"display:block; height:auto;\">\n\t\t\n<style>\n#gap-591775387 {\n  padding-top: 10px;\n}\n<\/style>\n\t<\/div>\n\t\n\n\t<div id=\"text-192557106\" class=\"text\">\n\t\t\n\n<ul>\n<li class=\"bullet-checkmark\">600 MB Internet Sim\u00e9tricos<\/li>\n<li class=\"bullet-checkmark\">N\u00ba Extensiones: 50<\/li>\n<li class=\"bullet-checkmark\">Numeraci\u00f3n telef\u00f3nica: 8<\/li>\n<li class=\"bullet-checkmark\">Plan de llamadas: 12.000 min\/mes<\/li>\n<li class=\"bullet-checkmark\">Llamadas simult\u00e1neas: Hasta 30+30 canales de voz<\/li>\n<\/ul>\n\t\t\n<style>\n#text-192557106 {\n  text-align: left;\n  color: rgb(0,0,0);\n}\n#text-192557106 > * {\n  color: rgb(0,0,0);\n}\n<\/style>\n\t<\/div>\n\t\n\t<div id=\"text-3591296833\" class=\"text\">\n\t\t\n\n<p>N\u00famero virtual extra: Desde 1,95\u20ac*\/mes<\/p>\n<p>Minutos fuera del plan: 1 cent\/min a fijos y 2,5 cent\/min a m\u00f3viles<\/p>\n<p>Alquiler de terminal IP**: Desde 4\u20ac*\/mes<\/p>\n\t\t\n<style>\n#text-3591296833 {\n  font-size: 0.75rem;\n  text-align: center;\n}\n<\/style>\n\t<\/div>\n\t\n\n\t\t<\/div>\n\t\t\t<\/div>\n\n\t\n\n\t<div id=\"col-67109812\" class=\"col medium-6 small-12 large-4\"  data-animate=\"bounceInDown\">\n\t\t<div class=\"col-inner text-left\"  >\n\t\t\t\n\t\t\t\n\n\t<div id=\"text-2126568647\" class=\"text\">\n\t\t\n\n<h3>Plan 100 EXT. &amp; FIBRA<\/h3>\n<h6>Contrata y ll\u00e9vate 1 l\u00ednea m\u00f3vil con 25GB + Llamadas ilimt. totalmente \u00a1GRATIS!<\/h6>\n<h4><span style=\"font-size: 300%;\">439,90\u20ac<\/span><\/h4>\n<p>\/mes IVA inc.<\/p>\n\t\t\n<style>\n#text-2126568647 {\n  text-align: center;\n  color: rgb(0,0,0);\n}\n#text-2126568647 > * {\n  color: rgb(0,0,0);\n}\n<\/style>\n\t<\/div>\n\t\n\t<div id=\"gap-1287477369\" class=\"gap-element clearfix\" style=\"display:block; height:auto;\">\n\t\t\n<style>\n#gap-1287477369 {\n  padding-top: 10px;\n}\n<\/style>\n\t<\/div>\n\t\n\n\t<div id=\"text-2153832914\" class=\"text\">\n\t\t\n\n<ul>\n<li class=\"bullet-checkmark\">600 MB Internet Sim\u00e9tricos<\/li>\n<li class=\"bullet-checkmark\">N\u00ba Extensiones: 100<\/li>\n<li class=\"bullet-checkmark\">Numeraci\u00f3n telef\u00f3nica: 16<\/li>\n<li class=\"bullet-checkmark\">Plan de llamadas: 20.000 min\/mes<\/li>\n<li class=\"bullet-checkmark\">Llamadas simult\u00e1neas: Hasta 30+30 canales de voz<\/li>\n<\/ul>\n\t\t\n<style>\n#text-2153832914 {\n  text-align: left;\n  color: rgb(0,0,0);\n}\n#text-2153832914 > * {\n  color: rgb(0,0,0);\n}\n<\/style>\n\t<\/div>\n\t\n\t<div id=\"text-2979725760\" class=\"text\">\n\t\t\n\n<p>N\u00famero virtual extra: Desde 1,95\u20ac*\/mes<\/p>\n<p>Minutos fuera del plan: 1 cent\/min a fijos y 2,5 cent\/min a m\u00f3viles<\/p>\n<p>Alquiler de terminal IP**: Desde 4\u20ac*\/mes<\/p>\n\t\t\n<style>\n#text-2979725760 {\n  font-size: 0.75rem;\n  text-align: center;\n}\n<\/style>\n\t<\/div>\n\t\n\n\t\t<\/div>\n\t\t\t<\/div>\n\n\t\n\n\n<style>\n#row-162838616 > .col > .col-inner {\n  padding: 30px 30px 30px 30px;\n  background-color: rgb(255,255,255);\n}\n<\/style>\n<\/div>\n\t<div id=\"text-3246597242\" class=\"text\">\n\t\t\n\n<h2 class=\"uppercase\">CUOTA DE ALTA 0\u20ac (12 MESES DE PERMANENCIA)<\/h2>\n<p>SIN PERMANENCIA CUOTA DE ALTA 50\u20ac<\/p>\n\t\t\n<style>\n#text-3246597242 {\n  font-size: 0.75rem;\n  text-align: center;\n  color: rgb(255,255,255);\n}\n#text-3246597242 > * {\n  color: rgb(255,255,255);\n}\n<\/style>\n\t<\/div>\n\t\n\n\t\t<\/div>\n\n\t\t\n<style>\n#section_594988468 {\n  padding-top: 10px;\n  padding-bottom: 10px;\n  background-color: rgb(39, 54, 71);\n}\n<\/style>\n\t<\/section>\n\t\n","protected":false},"excerpt":{"rendered":"","protected":false},"author":1,"featured_media":0,"parent":0,"menu_order":0,"comment_status":"closed","ping_status":"closed","template":"","meta":{"_joinchat":[],"footnotes":""},"class_list":["post-661","page","type-page","status-publish","hentry"],"yoast_head":"<!-- This site is optimized with the Yoast SEO plugin v27.0 - https:\/\/yoast.com\/product\/yoast-seo-wordpress\/ -->\n<title>Centralitas Virtuales - Antenas Navarra S.A.<\/title>\n<meta name=\"description\" content=\"Contrata ya nuestros planes de empresa Fibra&amp;Centralita Virtual. \u00a1Y ahora, ll\u00e9vate una l\u00ednea m\u00f3vil totalmente GRATIS!\" \/>\n<meta name=\"robots\" content=\"index, follow, max-snippet:-1, max-image-preview:large, max-video-preview:-1\" \/>\n<link rel=\"canonical\" href=\"https:\/\/antenasnavarra.es\/index.php\/centralitas-virtuales\/\" \/>\n<meta property=\"og:locale\" content=\"es_ES\" \/>\n<meta property=\"og:type\" content=\"article\" \/>\n<meta property=\"og:title\" content=\"Centralitas Virtuales - Antenas Navarra S.A.\" \/>\n<meta property=\"og:description\" content=\"Contrata ya nuestros planes de empresa Fibra&amp;Centralita Virtual. \u00a1Y ahora, ll\u00e9vate una l\u00ednea m\u00f3vil totalmente GRATIS!\" \/>\n<meta property=\"og:url\" content=\"https:\/\/antenasnavarra.es\/index.php\/centralitas-virtuales\/\" \/>\n<meta property=\"og:site_name\" content=\"Antenas Navarra S.A.\" \/>\n<meta property=\"article:modified_time\" content=\"2022-03-29T13:15:08+00:00\" \/>\n<meta name=\"twitter:card\" content=\"summary_large_image\" \/>\n<meta name=\"twitter:label1\" content=\"Tiempo de lectura\" \/>\n\t<meta name=\"twitter:data1\" content=\"3 minutos\" \/>\n<script type=\"application\/ld+json\" class=\"yoast-schema-graph\">{\"@context\":\"https:\/\/schema.org\",\"@graph\":[{\"@type\":\"WebPage\",\"@id\":\"https:\/\/antenasnavarra.es\/index.php\/centralitas-virtuales\/\",\"url\":\"https:\/\/antenasnavarra.es\/index.php\/centralitas-virtuales\/\",\"name\":\"Centralitas Virtuales - Antenas Navarra S.A.\",\"isPartOf\":{\"@id\":\"https:\/\/antenasnavarra.es\/#website\"},\"datePublished\":\"2021-08-12T11:34:57+00:00\",\"dateModified\":\"2022-03-29T13:15:08+00:00\",\"description\":\"Contrata ya nuestros planes de empresa Fibra&Centralita Virtual. \u00a1Y ahora, ll\u00e9vate una l\u00ednea m\u00f3vil totalmente GRATIS!\",\"breadcrumb\":{\"@id\":\"https:\/\/antenasnavarra.es\/index.php\/centralitas-virtuales\/#breadcrumb\"},\"inLanguage\":\"es\",\"potentialAction\":[{\"@type\":\"ReadAction\",\"target\":[\"https:\/\/antenasnavarra.es\/index.php\/centralitas-virtuales\/\"]}]},{\"@type\":\"BreadcrumbList\",\"@id\":\"https:\/\/antenasnavarra.es\/index.php\/centralitas-virtuales\/#breadcrumb\",\"itemListElement\":[{\"@type\":\"ListItem\",\"position\":1,\"name\":\"Portada\",\"item\":\"https:\/\/antenasnavarra.es\/\"},{\"@type\":\"ListItem\",\"position\":2,\"name\":\"Centralitas Virtuales\"}]},{\"@type\":\"WebSite\",\"@id\":\"https:\/\/antenasnavarra.es\/#website\",\"url\":\"https:\/\/antenasnavarra.es\/\",\"name\":\"Antenas Navarra S.A.\",\"description\":\"\",\"potentialAction\":[{\"@type\":\"SearchAction\",\"target\":{\"@type\":\"EntryPoint\",\"urlTemplate\":\"https:\/\/antenasnavarra.es\/?s={search_term_string}\"},\"query-input\":{\"@type\":\"PropertyValueSpecification\",\"valueRequired\":true,\"valueName\":\"search_term_string\"}}],\"inLanguage\":\"es\"}]}<\/script>\n<!-- \/ Yoast SEO plugin. -->","yoast_head_json":{"title":"Centralitas Virtuales - Antenas Navarra S.A.","description":"Contrata ya nuestros planes de empresa Fibra&Centralita Virtual. \u00a1Y ahora, ll\u00e9vate una l\u00ednea m\u00f3vil totalmente GRATIS!","robots":{"index":"index","follow":"follow","max-snippet":"max-snippet:-1","max-image-preview":"max-image-preview:large","max-video-preview":"max-video-preview:-1"},"canonical":"https:\/\/antenasnavarra.es\/index.php\/centralitas-virtuales\/","og_locale":"es_ES","og_type":"article","og_title":"Centralitas Virtuales - Antenas Navarra S.A.","og_description":"Contrata ya nuestros planes de empresa Fibra&Centralita Virtual. \u00a1Y ahora, ll\u00e9vate una l\u00ednea m\u00f3vil totalmente GRATIS!","og_url":"https:\/\/antenasnavarra.es\/index.php\/centralitas-virtuales\/","og_site_name":"Antenas Navarra S.A.","article_modified_time":"2022-03-29T13:15:08+00:00","twitter_card":"summary_large_image","twitter_misc":{"Tiempo de lectura":"3 minutos"},"schema":{"@context":"https:\/\/schema.org","@graph":[{"@type":"WebPage","@id":"https:\/\/antenasnavarra.es\/index.php\/centralitas-virtuales\/","url":"https:\/\/antenasnavarra.es\/index.php\/centralitas-virtuales\/","name":"Centralitas Virtuales - Antenas Navarra S.A.","isPartOf":{"@id":"https:\/\/antenasnavarra.es\/#website"},"datePublished":"2021-08-12T11:34:57+00:00","dateModified":"2022-03-29T13:15:08+00:00","description":"Contrata ya nuestros planes de empresa Fibra&Centralita Virtual. \u00a1Y ahora, ll\u00e9vate una l\u00ednea m\u00f3vil totalmente GRATIS!","breadcrumb":{"@id":"https:\/\/antenasnavarra.es\/index.php\/centralitas-virtuales\/#breadcrumb"},"inLanguage":"es","potentialAction":[{"@type":"ReadAction","target":["https:\/\/antenasnavarra.es\/index.php\/centralitas-virtuales\/"]}]},{"@type":"BreadcrumbList","@id":"https:\/\/antenasnavarra.es\/index.php\/centralitas-virtuales\/#breadcrumb","itemListElement":[{"@type":"ListItem","position":1,"name":"Portada","item":"https:\/\/antenasnavarra.es\/"},{"@type":"ListItem","position":2,"name":"Centralitas Virtuales"}]},{"@type":"WebSite","@id":"https:\/\/antenasnavarra.es\/#website","url":"https:\/\/antenasnavarra.es\/","name":"Antenas Navarra S.A.","description":"","potentialAction":[{"@type":"SearchAction","target":{"@type":"EntryPoint","urlTemplate":"https:\/\/antenasnavarra.es\/?s={search_term_string}"},"query-input":{"@type":"PropertyValueSpecification","valueRequired":true,"valueName":"search_term_string"}}],"inLanguage":"es"}]}},"_links":{"self":[{"href":"https:\/\/antenasnavarra.es\/index.php\/wp-json\/wp\/v2\/pages\/661","targetHints":{"allow":["GET"]}}],"collection":[{"href":"https:\/\/antenasnavarra.es\/index.php\/wp-json\/wp\/v2\/pages"}],"about":[{"href":"https:\/\/antenasnavarra.es\/index.php\/wp-json\/wp\/v2\/types\/page"}],"author":[{"embeddable":true,"href":"https:\/\/antenasnavarra.es\/index.php\/wp-json\/wp\/v2\/users\/1"}],"replies":[{"embeddable":true,"href":"https:\/\/antenasnavarra.es\/index.php\/wp-json\/wp\/v2\/comments?post=661"}],"version-history":[{"count":6,"href":"https:\/\/antenasnavarra.es\/index.php\/wp-json\/wp\/v2\/pages\/661\/revisions"}],"predecessor-version":[{"id":47314,"href":"https:\/\/antenasnavarra.es\/index.php\/wp-json\/wp\/v2\/pages\/661\/revisions\/47314"}],"wp:attachment":[{"href":"https:\/\/antenasnavarra.es\/index.php\/wp-json\/wp\/v2\/media?parent=661"}],"curies":[{"name":"wp","href":"https:\/\/api.w.org\/{rel}","templated":true}]}}